t y(c) = 11*c**2 + 6*c + 8. Suppose -4*j + 2*j + 12 = -2*t, -18 = -3*j - 3*t. What are the prime factors of y(j)?
2, 5, 11
What are the prime factors of ((-20)/(-50))/(0 - (-5)/10075)?
2, 13, 31
Let h = -41 + 43. Suppose -3*j - 15 = 5*g, -h*g = -4*j + g + 9. Suppose j*y = -11*y + 968. List the prime factors of y.
2, 11
Suppose 636*p = 663*p - 138888. What are the prime factors of p?
2, 643
Suppose 1451520 = -1251*g + 1331*g. List the prime factors of g.
2, 3, 7
Let s(x) be the third derivative of -5/24*x**4 + 1/15*x**5 + 0*x + 37*x**2 + 0 + 1/3*x**3. What are the prime factors of s(3)?
23
List the prime factors of (271 + -268)*(-21237)/18*-4.
2, 7079
Let z(g) = -165*g + 11*g**2 + 21 + 170*g + 3*g**2 - g**3 + 0*g**3. List the prime factors of z(11).
439
Let j(v) = v + 166. Let g be j(0). Suppose s = 7 - 3, -2*w + 5*s - 176 = 0. Let b = w + g. What are the prime factors of b?
2, 11
What are the prime factors of (-3)/(-21) - (-268016)/98?
5, 547
Let y be (-1 + -1)*(-31 + 30). What are the prime factors of (-6)/(y/(-1)*6/54)?
3
Suppose -5*k = -3*d + 54016, -10*d - 4*k + 54052 = -7*d. List the prime factors of d.
2, 3, 19, 79
Let c = 845 + -801. Suppose -708 = 32*d - c*d. List the prime factors of d.
59
Let h = 34 - 35. Let g(m) = m + 1. Let z(d) = 2*d**3 + 2*d**2 + 14*d + 4. Let r(p) = h*z(p) + 10*g(p). List the prime factors of r(-4).
2, 59
Let t(w) = 1936*w**2 - 15*w + 15. Let g be t(1). Suppose 5*a - 4 - 1 = 0, 5*a = 3*s - g. What are the prime factors of s?
647
Let u(k) be the first derivative of -8*k**2 + 254*k - 227. List the prime factors of u(-11).
2, 5, 43
Suppose -99*i - 1358 = -106*i. Suppose 7*k - i = 422. List the prime factors of k.
2, 11
Let r = 36 + -28. Suppose -r = -3*n - n. List the prime factors of (-78 - -13)/(n/(-2)).
5, 13
Let l(g) = 58*g - 41. Let h(p) = -52*p + 42. Let x(y) = 3*h(y) + 2*l(y). What are the prime factors of x(-6)?
2, 71
Let q = 24059 - 15297. List the prime factors of q.
2, 13, 337
Suppose 15*b + 6289 = 59374. What are the prime factors of b?
3539
Suppose 9*h + 480 = 39*h. List the prime factors of (6 - (-16920)/h)*4/6.
709
Let i = 1413 - -7919. List the prime factors of i.
2, 2333
Let f = 115 + -82. Suppose f - 3 = 5*i. Suppose -4 - 440 = -i*x. List the prime factors of x.
2, 37
Let x = -350 - -355. Suppose x*b = d + 1220, -668 - 64 = -3*b - d. What are the prime factors of b?
2, 61
Let g(r) = -r**3 - 10*r**2 - 11*r - 15. Let f = 71 + -80. Let m be g(f). Let d(k) = 4*k**3 - k**2 + 4*k - 4. What are the prime factors of d(m)?
107
Suppose -138*r + 4662187 = 139*r. List the prime factors of r.
16831
Let b be (-10)/(-2)*(-5 + (-306)/(-30)). Suppose b = -3*w + 125. Let o = w + 33. List the prime factors of o.
2, 3, 11
Let y(o) = -46*o - 123. Let h = -275 - -261. List the prime factors of y(h).
521
Suppose v - 2*v + 13 = -4*h, 2*v + 3*h = 4. Let b be 20/(-6)*3*(-8)/v. Suppose b = -i + 219. List the prime factors of i.
7, 29
Suppose 418*d + 52 = 431*d. Suppose -d - 1 = -5*b, -2*f + 2*b = -3020. List the prime factors of f.
1511
Let x(a) = -2*a**2 + 22*a - 19. Let w be x(14). Let u = 168 + w. What are the prime factors of (-26)/u - 74/(-10)?
7
Suppose 0 = -367*l + 8859635 - 2555309. List the prime factors of l.
2, 3, 7, 409
Suppose 0 = 4*w + 2*t - 2134, 3*t + 1455 = 3*w - 141. Suppose 3*l + 3*k + 129 = 4*l, 4*l + 5*k = w. Let i = -6 + l. List the prime factors of i.
2, 3, 7
Let z(k) = -78*k + 1. Suppose -2*m - 2 = -0. Let u be z(m). Let l = u - 3. What are the prime factors of l?
2, 19
Let l(v) = -11*v**3 - 9*v**2 - 42*v - 18. What are the prime factors of l(-7)?
2, 11, 41
Let b = 30 + -21. Suppose 0 = -a + b - 0. List the prime factors of (62/(-4))/(a/(-18)).
31
Let g = -4540 + 9428. Suppose 0 = 32*i - 36*i + g. What are the prime factors of i?
2, 13, 47
Let n(a) = a**2 - 7*a + 5. Let t be n(6). List the prime factors of (t + -6)*(-10 - -8).
2, 7
Let r be (-1 + (-6)/(-9))*-9. Suppose -5*w + 1071 = r*a, 4*a - 335 - 1093 = 3*w. What are the prime factors of a?
3, 7, 17
Let a(s) = s**3 - 5*s**2 - 26*s + 9. Let m be a(10). List the prime factors of ((5 - 2) + -3)*-1 + m.
3, 83
Let x(o) = o**2 + 4*o - 376. What are the prime factors of x(-52)?
2, 5, 53
Suppose 5*m - 3*k - 911 = 2, 0 = 5*m - 2*k - 912. Let v = -57 + m. Suppose -4*p + v + 527 = 0. List the prime factors of p.
163
Suppose -3*c + 4356 = -53*s + 56*s, -2*c + 2911 = 3*s. List the prime factors of c.
5, 17
Suppose 0 = -2*a - 4*z + 246, -a + 5*a = 3*z + 525. Let d = 206 + a. What are the prime factors of d?
5, 67
Let b = 1216 - 2014. Let d = -232 - b. List the prime factors of d.
2, 283
Suppose 0 = -2*q + 99 - 89. Let s(n) = n**2 + 8*n - 9. Let b be s(-9). Suppose 2*v + q*v - 798 = b. What are the prime factors of v?
2, 3, 19
Let t(g) be the first derivative of -15*g**4/4 - 2*g**3/3 - 5*g**2/2 - 2*g - 192. List the prime factors of t(-2).
2, 3, 5
Let q(w) = 4*w - 17. Let n be q(5). Let r(p) = p**n + p - 16 - 2*p**3 + 7 + 2*p. List the prime factors of r(-4).
43
Suppose 7*x - 2*x + 4*m = 2688, 0 = 5*x - 4*m - 2672. What are the prime factors of x?
2, 67
Let p(x) = -4*x + 51. Let t be p(12). Let a(o) = 115*o - 8. What are the prime factors of a(t)?
337
Suppose -13*y - 230 = -18*y. Let p = -41 + y. Suppose -3*j = 4*t - 436, j - p*t = 3*j - 300. What are the prime factors of j?
2, 5, 7
Suppose -a = 4*l + 13, 17*l - 22*l = 20. Suppose 29 = -a*k + 2*g + 154, -k - 2*g + 31 = 0. List the prime factors of k.
3, 13
Suppose 2*s + 21 = -0*s - 5*w, -1 = 2*s + w. Suppose 4*q - 341 - 24 = o, 4*o = s*q - 200. Suppose -3*p + 12*p - q = 0. List the prime factors of p.
2, 5
Suppose -5*q = 3*c - 30, 4*c + 5 - 13 = 4*q. Suppose q*l - 9*l = -2484. List the prime factors of l.
2, 3, 23
Suppose 0 = 4*g - 2*r + 7*r + 408, -4*r = 4*g + 408. Let q = -47 - g. Suppose -3*j + q - 7 = 0. What are the prime factors of j?
2
Suppose -160*d + 618863 + 840545 = -54*d. List the prime factors of d.
2, 1721
Suppose -4*f = -h + 1648, -4*h = h + 3*f - 8332. Suppose -6*g = h + 256. List the prime factors of (-6)/(-14)*g/(-8)*7.
2, 3, 5
Suppose -613*c = -610*c - 21. Suppose -762 - 2171 = -c*v. What are the prime factors of v?
419
Let y(n) = -2*n + 26. Let p = 24 + -14. Let v be y(p). Let w(x) = 20*x + 2. List the prime factors of w(v).
2, 61
Let g(j) = j**3 - 3*j**2 - 138*j + 36. What are the prime factors of g(26)?
2, 2999
Let k(f) = 2*f**3 - 131*f**2 + 107*f + 433. List the prime factors of k(67).
3, 2341
Let u = -333 + 33. Let r = u - -1939. What are the prime factors of r?
11, 149
Let v be 52678*18/12*1/3. Suppose 18*w = -5333 + v. What are the prime factors of w?
3, 389
Let m = -5 - -10. Let t(u) = -6*u + 34. Let r be t(m). Suppose -63 = -2*w - 5*h, -r*w + 4*h - h + 113 = 0. List the prime factors of w.
29
Suppose -29*j + 333 + 4974 = 0. Let r = j + 115. What are the prime factors of r?
2, 149
Suppose 8*y = 11375 - 2751. Suppose 4*r - 5*t - y = 0, 8*r = 13*r - t - 1337. List the prime factors of r.
3, 89
Let j(a) = -141*a**3 - a**2 + 3*a - 4. Let d be j(2). Let v = -258 - d. List the prime factors of v.
2, 109
Let k be -27 - -3 - (-3)/(-1). Let p = 157 + k. List the prime factors of p.
2, 5, 13
Let h be 10/((-10)/5) + 81. Suppose 5*u + 215 = -4*m, -16 + h = -m + 5*u. List the prime factors of (m/10 - 1)*-36.
2, 3, 13
Suppose -7499 = -2*z - 3*w, 0 = 5*z + 8*w - 4*w - 18737. Suppose z = 3*g + 4*g. Suppose 7*i + g = 12*i. What are the prime factors of i?
107
Suppose q - 2*h = 1235, -126*q + 130*q - 3*h - 4945 = 0. List the prime factors of q.
1237
Suppose 5*x - 5*y = 25, -3*x + 13 = -5*y - 0. What are the prime factors of x/(-51) - 3691/(-17) - -1?
2, 109
Let x(n) = 102*n**3 + n**2 + 7*n. Let p be x(3). Suppose -651 = -3*s + p. What are the prime factors of s?
5, 229
Suppose -2*m - 3*i - 5 = 0, 3*i + 4 - 1 = -3*m. Suppose -m*g + 1637 = -5*o + 2*o, -4*o + 3224 = 4*g. What are the prime factors of g?
811
What are the prime factors of (-2453977)/(-474) + (-2)/12?
31, 167
Let l = -144 - -566. Suppose -442 = -6*j + l. List the prime factors of j.
2, 3
Let m = -2040 - -30080. List the prime factors of m.
2, 5, 701
Let t be 26/(-7) + 6/126*-6. Let g be (-36)/(-48)*(t/(-2) + 2). List the prime factors of ((-14)/(-4) - g)*558/3.
3, 31
Let o(b) = -3*b**3 + b**2 + 10*b + 4197. What are the prime factors of